[INFO] fetching crate lofi 0.0.11...
[INFO] checking lofi-0.0.11 against master#af3c6e733a40e671550e0f0f5aeecaa13772ba56 for pr-74989
[INFO] extracting crate lofi 0.0.11 into /workspace/builds/worker-10/source
[INFO] validating manifest of crates.io crate lofi 0.0.11 on toolchain af3c6e733a40e671550e0f0f5aeecaa13772ba56
[INFO] running `Command { std: "/workspace/cargo-home/bin/cargo" "+af3c6e733a40e671550e0f0f5aeecaa13772ba56" "read-manifest" "--manifest-path" "Cargo.toml", kill_on_drop: false }`
[INFO] started tweaking crates.io crate lofi 0.0.11
[INFO] finished tweaking crates.io crate lofi 0.0.11
[INFO] tweaked toml for crates.io crate lofi 0.0.11 written to /workspace/builds/worker-10/source/Cargo.toml
[INFO] running `Command { std: "/workspace/cargo-home/bin/cargo" "+af3c6e733a40e671550e0f0f5aeecaa13772ba56" "generate-lockfile" "--manifest-path" "Cargo.toml" "-Zno-index-update", kill_on_drop: false }`
[INFO] [stderr]     Blocking waiting for file lock on package cache
[INFO] running `Command { std: "/workspace/cargo-home/bin/cargo" "+af3c6e733a40e671550e0f0f5aeecaa13772ba56" "fetch" "--locked" "--manifest-path" "Cargo.toml", kill_on_drop: false }`
[INFO] [stderr]     Blocking waiting for file lock on package cache
[INFO] [stderr]     Blocking waiting for file lock on package cache
[INFO] running `Command { std: "docker" "create" "-v" "/var/lib/crater-agent-workspace/builds/worker-10/target:/opt/rustwide/target:rw,Z" "-v" "/var/lib/crater-agent-workspace/builds/worker-10/source:/opt/rustwide/workdir:ro,Z" "-v" "/var/lib/crater-agent-workspace/cargo-home:/opt/rustwide/cargo-home:ro,Z" "-v" "/var/lib/crater-agent-workspace/rustup-home:/opt/rustwide/rustup-home:ro,Z" "-e" "SOURCE_DIR=/opt/rustwide/workdir" "-e" "CARGO_TARGET_DIR=/opt/rustwide/target" "-e" "CARGO_HOME=/opt/rustwide/cargo-home" "-e" "RUSTUP_HOME=/opt/rustwide/rustup-home" "-w" "/opt/rustwide/workdir" "-m" "1610612736" "--user" "0:0" "--network" "none" "rustops/crates-build-env@sha256:d92eaeed33fa75130ca1ee6c8a01d1ffb62bac859dfdfb3450e3e5d1c0146529" "/opt/rustwide/cargo-home/bin/cargo" "+af3c6e733a40e671550e0f0f5aeecaa13772ba56" "metadata" "--no-deps" "--format-version=1", kill_on_drop: false }`
[INFO] [stdout] 1a8f0a2258db8454ff5028f74ae354630c2e55629646e38f79d982be1cff1304
[INFO] [stderr] WARNING: Your kernel does not support swap limit capabilities or the cgroup is not mounted. Memory limited without swap.
[INFO] running `Command { std: "docker" "start" "-a" "1a8f0a2258db8454ff5028f74ae354630c2e55629646e38f79d982be1cff1304", kill_on_drop: false }`
[INFO] running `Command { std: "docker" "inspect" "1a8f0a2258db8454ff5028f74ae354630c2e55629646e38f79d982be1cff1304", kill_on_drop: false }`
[INFO] running `Command { std: "docker" "rm" "-f" "1a8f0a2258db8454ff5028f74ae354630c2e55629646e38f79d982be1cff1304", kill_on_drop: false }`
[INFO] [stdout] 1a8f0a2258db8454ff5028f74ae354630c2e55629646e38f79d982be1cff1304
[INFO] running `Command { std: "docker" "create" "-v" "/var/lib/crater-agent-workspace/builds/worker-10/target:/opt/rustwide/target:rw,Z" "-v" "/var/lib/crater-agent-workspace/builds/worker-10/source:/opt/rustwide/workdir:ro,Z" "-v" "/var/lib/crater-agent-workspace/cargo-home:/opt/rustwide/cargo-home:ro,Z" "-v" "/var/lib/crater-agent-workspace/rustup-home:/opt/rustwide/rustup-home:ro,Z" "-e" "SOURCE_DIR=/opt/rustwide/workdir" "-e" "CARGO_TARGET_DIR=/opt/rustwide/target" "-e" "CARGO_INCREMENTAL=0" "-e" "RUST_BACKTRACE=full" "-e" "RUSTFLAGS=--cap-lints=forbid" "-e" "CARGO_HOME=/opt/rustwide/cargo-home" "-e" "RUSTUP_HOME=/opt/rustwide/rustup-home" "-w" "/opt/rustwide/workdir" "-m" "1610612736" "--user" "0:0" "--network" "none" "rustops/crates-build-env@sha256:d92eaeed33fa75130ca1ee6c8a01d1ffb62bac859dfdfb3450e3e5d1c0146529" "/opt/rustwide/cargo-home/bin/cargo" "+af3c6e733a40e671550e0f0f5aeecaa13772ba56" "check" "--frozen" "--all" "--all-targets" "--message-format=json", kill_on_drop: false }`
[INFO] [stdout] b45015c906034b9c4d103aaebebff2131561b7fc0ca03e49fec8b62ca81b7c2b
[INFO] [stderr] WARNING: Your kernel does not support swap limit capabilities or the cgroup is not mounted. Memory limited without swap.
[INFO] running `Command { std: "docker" "start" "-a" "b45015c906034b9c4d103aaebebff2131561b7fc0ca03e49fec8b62ca81b7c2b", kill_on_drop: false }`
[INFO] [stderr]    Compiling gcc v0.3.55
[INFO] [stderr]     Checking scopeguard v0.3.3
[INFO] [stderr]     Checking spin v0.4.10
[INFO] [stderr]     Checking itertools v0.6.5
[INFO] [stderr]     Checking rand v0.4.6
[INFO] [stderr]     Checking coco v0.1.1
[INFO] [stderr]    Compiling context v1.0.1
[INFO] [stderr]     Checking rand v0.3.23
[INFO] [stderr]     Checking lofi v0.0.11 (/opt/rustwide/workdir)
[INFO] [stdout] error[E0432]: unresolved import `std::thread::LocalKeyState`
[INFO] [stdout]  --> src/lo/core.rs:8:31
[INFO] [stdout]   |
[INFO] [stdout] 8 | use std::thread::{JoinHandle, LocalKeyState};
[INFO] [stdout]   |                               ^^^^^^^^^^^^^ no `LocalKeyState` in `thread`
[INFO] [stdout] 
[INFO] [stdout] 
[INFO] [stdout] error[E0432]: unresolved import `std::thread::LocalKeyState`
[INFO] [stdout]  --> src/lo/core.rs:8:31
[INFO] [stdout]   |
[INFO] [stdout] 8 | use std::thread::{JoinHandle, LocalKeyState};
[INFO] [stdout]   |                               ^^^^^^^^^^^^^ no `LocalKeyState` in `thread`
[INFO] [stdout] 
[INFO] [stdout] 
[INFO] [stdout] error[E0599]: no method named `state` found for struct `LocalKey<UnsafeCell<Option<Core>>>` in the current scope
[INFO] [stdout]   --> src/lo/core.rs:80:17
[INFO] [stdout]    |
[INFO] [stdout] 80 |         if CORE.state() == LocalKeyState::Uninitialized {
[INFO] [stdout]    |                 ^^^^^ method not found in `LocalKey<UnsafeCell<Option<Core>>>`
[INFO] [stdout] 
[INFO] [stdout] 
[INFO] [stdout] error: aborting due to 2 previous errors
[INFO] [stdout] 
[INFO] [stdout] 
[INFO] [stdout] Some errors have detailed explanations: E0432, E0599.
[INFO] [stdout] 
[INFO] [stdout] For more information about an error, try `rustc --explain E0432`.
[INFO] [stdout] 
[INFO] [stdout] error[E0599]: no method named `state` found for struct `LocalKey<UnsafeCell<Option<Core>>>` in the current scope
[INFO] [stdout]   --> src/lo/core.rs:80:17
[INFO] [stdout]    |
[INFO] [stdout] 80 |         if CORE.state() == LocalKeyState::Uninitialized {
[INFO] [stdout]    |                 ^^^^^ method not found in `LocalKey<UnsafeCell<Option<Core>>>`
[INFO] [stdout] 
[INFO] [stdout] 
[INFO] [stderr] error: could not compile `lofi`.
[INFO] [stderr] 
[INFO] [stderr] To learn more, run the command again with --verbose.
[INFO] [stderr] warning: build failed, waiting for other jobs to finish...
[INFO] [stdout] error: aborting due to 2 previous errors
[INFO] [stdout] 
[INFO] [stdout] 
[INFO] [stdout] Some errors have detailed explanations: E0432, E0599.
[INFO] [stdout] 
[INFO] [stdout] For more information about an error, try `rustc --explain E0432`.
[INFO] [stdout] 
[INFO] [stderr] error: build failed
[INFO] running `Command { std: "docker" "inspect" "b45015c906034b9c4d103aaebebff2131561b7fc0ca03e49fec8b62ca81b7c2b", kill_on_drop: false }`
[INFO] running `Command { std: "docker" "rm" "-f" "b45015c906034b9c4d103aaebebff2131561b7fc0ca03e49fec8b62ca81b7c2b", kill_on_drop: false }`
[INFO] [stdout] b45015c906034b9c4d103aaebebff2131561b7fc0ca03e49fec8b62ca81b7c2b
